Calculate the greatest common factor of 96 and r.
12
Let n = 7 - 4. Suppose -n*l = 5*r + 2*l - 585, 2*r = l + 234. Suppose 0 = -3*k - 34 + 73. Calculate the highest common factor of r and k.
13
Let s = -24 - -28. Suppose 0 = -s*t - j + 13, -3*j - 32 = -5*t + j. Suppose 110 = 5*q - 30. What is the greatest common factor of t and q?
4
Let m(n) = -n**3 + 5*n**2 + 2*n - 10. Let t be m(5). Suppose -3*i - 44 + 41 = t. Let d be i + 81/4 + 6/8. Calculate the greatest common divisor of d and 30.
10
Let n = 7114 + -3770. Calculate the highest common factor of 11 and n.
11
Let k be 1/((-1)/(-105)*7). Suppose 5*l - 5*u - 220 = 0, 97 = 3*l - 11*u + k*u. Calculate the highest common factor of 169 and l.
13
Let z be 225/12*(-5)/((-15)/36). Let q = -417 + 426. What is the highest common divisor of q and z?
9
Let v(g) = -33*g + 1455. Let m be v(39). What is the highest common factor of 1064 and m?
56
Suppose 3590 = 5*k - 3*p, 11*p - 9*p + 1432 = 2*k. Calculate the highest common divisor of 28 and k.
7
Let u(b) = -39*b + 645. Let w be u(11). What is the greatest common factor of w and 486?
54
Let k be 5 + 0 - (-3 - -1). Suppose 17 + k = -12*l. Let o be (24/40)/(18/(-10) - l). Calculate the greatest common factor of o and 3.
3
Let y be (-1641)/(-4) + (-3)/(-4). Let n = y + -301. Calculate the highest common factor of 10 and n.
10
Let q(d) be the third derivative of -d**6/60 + d**5/20 - d**4/24 + 3*d**3 - 7*d**2 + 3. Let w be q(0). Calculate the greatest common divisor of w and 6.
6
Suppose 2*y = -3*i + 869, 94 = -y + 86. What is the highest common divisor of 5 and i?
5
Suppose 94*o - 76*o = 360. Calculate the greatest common factor of o and 2060.
20
Let t(z) = 2*z**2 + 59*z + 788. Let x be t(-40). Calculate the highest common divisor of x and 220.
44
Let f(z) be the second derivative of 2*z**4 - 101*z**3/6 + 3*z**2 + 43*z. Let u be f(5). What is the greatest common divisor of u and 101?
101
Suppose -579 = c + 4*s, 0*s + 2*s = -4*c - 2358. Let r = -546 - c. What is the highest common factor of 72 and r?
9
Let h(u) = -52*u**3 - u**2 - 5*u + 2. Let g(p) = 2*p**3 + p**2 + p. Let s(b) = -2*g(b) - h(b). Let x be s(1). What is the greatest common factor of x and 108?
12
Suppose 360 = 3*m - 0*m. Suppose -21*j = -17*j - m. Let d be j/(-12)*(-8)/5. What is the greatest common divisor of 4 and d?
4
Let z = -10416 - -10436. What is the greatest common factor of z and 545?
5
Let c be (-340)/(-16 + -4) + 7. What is the greatest common divisor of 2416 and c?
8
Let l be (-51)/(-17)*2 - -370. What is the highest common divisor of 224 and l?
8
Let n(c) = 32*c + 1. Let x be n(1). Let v = x - 31. Suppose -88 = 80*i - 84*i. Calculate the highest common factor of i and v.
2
Let x be 78*(-1 + (-12)/(-9)). Suppose -13 = -2*b - 11, 460 = 5*l + 5*b. What is the highest common factor of l and x?
13
Let l = -219 + 351. Let u be 61 + -2*5/10. Suppose 0 = 4*v + 12 - u. Calculate the greatest common factor of v and l.
12
Suppose 0*w + 5*w = -5*z + 35, 3*z + 4*w = 17. Let j be 398 + -22 - (-1 + 3). Calculate the greatest common factor of z and j.
11
Let l = 6898 - 6755. Suppose 4*d + 2*z - 40 - 54 = 0, 4*d - z - 85 = 0. Calculate the greatest common divisor of l and d.
11
Let g = 90 - 102. Let a be (-1299)/g - 11/44. Calculate the greatest common divisor of a and 4.
4
Let j(o) = -5*o**2 + 9*o + 9. Let r(v) = v**2 + 1. Let x(f) = j(f) + 3*r(f). Let h be x(5). Let u = h + 9. What is the highest common divisor of u and 4?
4
Suppose 4*i - 3*d - 287 = -83, -4*i + 244 = 7*d. What is the highest common factor of i and 6723?
27
Let k = 8 - 4. Suppose 2*v + m - 3*m = 144, k*v - 288 = -m. Calculate the greatest common factor of 16 and v.
8
Let m(c) = c + 160. Let y be m(8). What is the greatest common divisor of y and 651?
21
Suppose 0 = -17*i - 48*i + 4200 + 2560. What is the highest common divisor of i and 43264?
104
Let b(y) = 45*y + 1122. Let l be b(-25). Let r be (-4)/14 + 100/7. Let m be (-6)/21 - ((-1348)/r - l). What is the highest common divisor of m and 31?
31
Let k(y) = 13*y - 24. Let z be k(6). Suppose -18*c + z = -16*c. What is the highest common factor of c and 9?
9
Let x = 17 - -60. Suppose -526 = -5*b - 451. Suppose -18 - b = -3*m. What is the greatest common divisor of x and m?
11
Suppose 11*x - 232 = 142. Let g be (((-1701)/18)/9)/((-3)/x). What is the greatest common factor of 68 and g?
17
Let i(n) = -12*n**3 - 15*n**2 - 19*n + 9. Let m be i(-6). What is the greatest common factor of 29 and m?
29
Suppose -511621 = -33*y - 10*y - 196173. What is the highest common factor of 14 and y?
14
Let u = 17374 - 17352. Calculate the greatest common divisor of u and 6589.
11
Let p(d) = 3*d**2 - 3*d. Let m be p(6). Let a = 732 - 597. What is the greatest common divisor of a and m?
45
Suppose -3*b + 1465 = 4*r, 5*r + 35 - 55 = 0. Calculate the greatest common divisor of b and 2737.
161
Suppose -341*b + 338*b = 9. Let w be (8/28 + b/(-14))*8. What is the greatest common factor of w and 52?
4
Suppose 0 = 2*h - 4*h + 36. Let c be 3 - (-6)/(-30)*0. Let t be c + 3/(-3) + h. What is the greatest common divisor of 10 and t?
10
Suppose 1133*y - 1120*y + 65 = 0. Let g(v) be the second derivative of -v**3 - 19*v**2/2 + 2*v. Let l be g(y). What is the highest common factor of 11 and l?
11
Let m be ((-2)/(-4))/((-2)/(-468)). Let j be (25/10 + 5)*72/20. Calculate the highest common divisor of m and j.
9
Let p(o) = -4*o - 82. Let a be p(-23). Let i(m) = 5*m**2 + m. Let k be i(1). Suppose -a*b = -k*b - 68. What is the greatest common factor of b and 34?
17
Suppose 3*q - 74 = -5*r - 0*r, -6 = -2*q. Let y = 150 + -155. Let j be ((-15)/y - 1)/(2/169). Calculate the greatest common divisor of r and j.
13
Let z be (0 + -20)*(-152)/32. Calculate the greatest common factor of 95 and z.
95
Let j be -233 - -442 - (-8 - 0). Calculate the highest common factor of 798 and j.
7
Let z(f) be the first derivative of 35*f**3/3 - 3*f**2 + 10*f - 93. Let a be z(2). Calculate the greatest common factor of 92 and a.
46
Let v = -13 - -2. Let z be 783/29*1*v/(-3). What is the greatest common divisor of z and 22?
11
Suppose 34 = v + 32. Let i be v*(12 - 4 - 1). Let n(a) = 7*a - 7. Let b be n(9). What is the greatest common factor of i and b?
14
Let l(p) = 2*p**3 - 2*p**2 + 2*p + 6. Let c be l(7). Suppose 36*o - 2164 = c. What is the greatest common factor of 7 and o?
7
Let d = 6662 + 3051. Calculate the highest common divisor of 33 and d.
11
Let a = 46 - 43. Let h be (-465)/(-9) + 1/a. Calculate the highest common factor of h and 4.
4
Suppose -23*g = -41*g - 7*g + 2725. What is the highest common factor of 36515 and g?
109
Suppose -10 = -8*t + 62. Suppose 0 = t*r - 11 - 16. Suppose 0 = r*o - y - 27, 5*o = -3*y - 2*y + 65. What is the greatest common factor of 2 and o?
2
Suppose 16380 = -872*q + 878*q. Suppose 0*a - 7*a + q = 0. What is the highest common factor of 6 and a?
6
Let a(s) = -2*s + 85. Let u = 242 - 220. Let l be a(u). Let m be ((-246)/(-5))/((-6)/(-20)). What is the highest common factor of m and l?
41
Suppose 19*x = 21*x - 328. Suppose -3*z + 345 = 2*f, 3*z - 4*f = 181 + x. Let s = -97 + z. Calculate the highest common factor of s and 9.
9
Let v = -831 + 843. Let r be (10/12)/(8/48). Suppose z = -z + 2*d + 182, -r*z - d + 485 = 0. What is the highest common divisor of v and z?
12
Let r(u) = 16*u + 122. Let v(z) = 3*z - 2. Let w(i) = -r(i) + 2*v(i). Let t be w(-13). Calculate the greatest common divisor of 216 and t.
4
Suppose -y + 185 = 4*k - 49, 0 = -8*y - k + 1779. Suppose -8*i + 740 = -3*i. Calculate the greatest common divisor of i and y.
74
Let u = 34857 - 10030. Calculate the highest common factor of u and 74.
37
Let l = 1774 - 1769. What is the highest common factor of 2545 and l?
5
Let s = 10541 - 10225. Calculate the greatest common factor of 20 and s.
4
Let v = 74 - -6. Let g(p) = 2*p**2 + 7*p - 9. Let l(a) = -a**2 - a - 1. Let w(s) = -g(s) - l(s). Let d be w(-6). What is the highest common factor of d and v?
10
Suppose -1336 = -7*a + 3669. Suppose 30*d + a = 43*d. What is the highest common divisor of 35 and d?
5
Let x be 796/2*-1*1/2. Let r = x + 84. Let h = -91 - r. Calculate the greatest common divisor of 18 and h.
6
Suppose -c = 3, -c = -2*a - 47 + 330. Calculate the highest common factor of 310 and a.
1